 26 is divided by n.
6
Suppose 3*o + a - 158 = 0, -5*o - a = -6*a - 250. Let r(i) = 4*i**2 - 4*i - 5. Let v be r(5). Let t = v - o. What is the remainder when 45 is divided by t?
22
Let c = 58 - 39. Calculate the remainder when 53 is divided by c.
15
Let y = -9 - -17. What is the remainder when 31 is divided by y?
7
Suppose 1 = l - 2. Suppose 44 = 2*n + s - 17, -l*s = -5*n + 147. Calculate the remainder when n is divided by 11.
8
Let h(m) = 5*m**2 - 2*m + 4. Calculate the remainder when h(3) is divided by 11.
10
Let g = 5 + 72. Calculate the remainder when g is divided by 16.
13
Suppose 3*m = 4*m - 2. Suppose -5*c = s + 5, s + c + 0*c - 3 = 0. Let b = s + -3. Calculate the remainder when b is divided by m.
0
Let c = 26 - -41. Calculate the remainder when c is divided by 5.
2
Suppose 2*u = -4*u - 102. What is the remainder when 5 - 0 - (u + 14) is divided by 5?
3
Suppose -3*k + 24 + 9 = 0. Let o(b) = 2*b**2 + 4*b + 1. Calculate the remainder when o(3) is divided by k.
9
Let w = -11 - -19. What is the remainder when (-2)/(10/(-55)) - -4 is divided by w?
7
Calculate the remainder when 29 is divided by ((-9)/(-12))/((-1)/(-12)).
2
Let h(d) = -d**2 - 9*d + 11. Calculate the remainder when 43 is divided by h(-9).
10
Let u(m) = m**3 + 7*m**2 + m - 6. Let y be (14/(-6) + 2)*-15. Suppose 69 = y*x + 4. Calculate the remainder when u(-6) is divided by x.
11
Let k(i) = i**2 + 25*i - 124. Let l = 20 - -57. Calculate the remainder when l is divided by k(-30).
25
Suppose -8*z + 11*z = 42. Let p be 2/(-8) + (-434)/(-8). Suppose -g - g + p = 0. What is the remainder when g is divided by z?
13
Suppose 151 = 4*r - g, -4*g = -r + 4*r - 99. Calculate the remainder when r is divided by 4.
1
Let k = -12 - -6. Let a be (0 - k) + -1 + 0. Suppose 5*u = a*i - 30, -4*u - 16 = -5*i + 18. What is the remainder when i is divided by 3?
1
Suppose -5*m + 35 = 5*o, 2*m = o + o - 30. Let d = 145 + -114. Calculate the remainder when d is divided by o.
9
What is the remainder when 21/14*194/3 is divided by 25?
22
Let y(w) = -w**2 - 6*w - 1. Let i be y(-5). Calculate the remainder when i/(-2 + 0) - -21 is divided by 10.
9
Let k = 0 - -4. Let y be (4/(-6))/(k/6). Let o = y + 6. What is the remainder when 14 is divided by o?
4
Suppose 2*j = 24 + 28. Calculate the remainder when (2/4)/(1/j) is divided by 7.
6
Let l be (-15)/10 - 3/(-2). What is the remainder when (-1)/(l + 3/(-114)) is divided by 20?
18
Let f(o) = o**2 - 5*o + 2. What is the remainder when 23 is divided by f(6)?
7
Let p(u) = 3*u + 18. Suppose -2 = -3*a + 2*b + 47, 0 = -3*b - 6. Calculate the remainder when a is divided by p(-4).
3
Suppose 0 = -0*h + 7*h - 119. What is the remainder when h is divided by 5?
2
Let x = 74 - 42. Calculate the remainder when x is divided by 11.
10
Let t = 1 - 2. Let h(x) = -x**3 + 4*x**2 + 4*x - 6. Let r be h(5). Let k = t - r. What is the remainder when k is divided by 6?
4
Let g(h) = 4*h - 7. What is the remainder when 56 is divided by g(5)?
4
Suppose 0 = 5*i - 3*h - 362, 136 = 2*i + 2*h - h. What is the remainder when i is divided by 24?
22
Let g(v) = 6*v - 2. Calculate the remainder when g(6) is divided by 12.
10
Let s(t) = -11*t**3 + 3*t**2 - 3. Calculate the remainder when s(-2) is divided by 25.
22
Suppose 3*y + 22 = 163. Let d = -622 - -634. Calculate the remainder when y is divided by d.
11
Let q be 94/6 + 8/(-12). Suppose q - 50 = -5*y. What is the remainder when 20 is divided by y?
6
Suppose 6*m = 2*m. Let v be 2/8 - (-1)/(-4). Suppose -x - 2*o + 2 = m, 5*o = -v*o - 10. What is the remainder when 10 is divided by x?
4
Suppose -l = -3*i - 45, -2*i + 179 = 3*l - 0*i. What is the remainder when l is divided by 15?
12
Suppose -4*h + 610 = h. Let s = -65 + 96. Calculate the remainder when h is divided by s.
29
Let z = -7 + 9. Suppose 0 = g + 2*m + 1, -z*g - 13 = -7*g - m. Calculate the remainder when 7 is divided by g.
1
Suppose -3*b + 60 = 2*b. What is the remainder when 118 is divided by b?
10
Suppose 4*s - 116 = -24. Calculate the remainder when 90 is divided by s.
21
Let r = 41 - 29. What is the remainder when 28 is divided by r?
4
Let d(j) = 2*j**3 - 4*j**2 + 3*j - 3. Calculate the remainder when d(3) is divided by 13.
11
What is the remainder when ((-252)/(-108))/(2/36*2) is divided by 12?
9
Suppose 2*z - 20 = -2*z. Let d = 8 + z. What is the remainder when d is divided by 5?
3
Let w be 32*((-3)/(-2))/(-3). Calculate the remainder when w/(-4 - (1 + -4)) is divided by (-1)/3 - 57/(-9).
4
Suppose b = -1 - 1. Let x(v) = -3*v + 1. What is the remainder when 11 is divided by x(b)?
4
Let q(g) = g - 4. Let d be q(7). Let b = -2 + d. What is the remainder when b/3 + 28/6 is divided by 2?
1
Let r = -34 + 63. What is the remainder when 115 is divided by r?
28
Let c = 113 - 90. What is the remainder when 80 is divided by c?
11
Suppose -1 = 4*r - 13, 4*r = -4*q + 96. Calculate the remainder when 80 is divided by q.
17
Calculate the remainder when 38 is divided by (-2)/(2 + (-40)/18) - 1.
6
Let c be 60/(-9)*12/10. Let h = 14 + c. Calculate the remainder when 16 is divided by h.
4
Let p = 8 - 1. Let m(d) = -d**2 + 10*d. Let j be m(p). Let u = -2 + j. Calculate the remainder when u is divided by 7.
5
Let y(z) = 7*z. Let t be y(2). Suppose -v + 1 = -t. Calculate the remainder when v is divided by (2 + 1)*4/3.
3
Let j = -26 + 39. Calculate the remainder when 50 is divided by j.
11
Suppose -68 - 29 = -2*g + 3*u, -188 = -4*g + 4*u. Suppose -h = 5*w + 14, 4*h = -2*w - 3*w - 56. Let z = 29 + h. Calculate the remainder when g is divided by z.
14
Let k(j) = -j**3 + 4*j**2 + j. Let l be k(4). Suppose -3*h + l = -h. Calculate the remainder when 20 is divided by (h - 4) + 2 + 11.
9
Let g = -4 + 18. Calculate the remainder when 37 is divided by g.
9
Suppose -3*g - 3 = -5*m, -m - 2*m + 4 = -4*g. Let x = 3 - g. Let d = 0 + x. What is the remainder when 10 is divided by d?
2
Suppose -2*s - 20 = -a, -2*a - 6*s + 2*s = 0. What is the remainder when 29 is divided by a?
9
Suppose 2*a - 1 = k, -3*k + 5*a - 1 + 0 = 0. Let f be (-3 + 9 - 3) + -3. Calculate the remainder when 7 is divided by k + (-2 - f - -2).
1
Let o = -131 + 142. Calculate the remainder when 75 is divided by o.
9
Let i = -74 + 78. What is the remainder when 39 is divided by i?
3
Let c = -2 - -5. Let s(j) = j**3 - j + 0*j - 2*j**2 - 2*j**3. Calculate the remainder when c is divided by s(-2).
1
Suppose 4*u + 4 = 24. What is the remainder when 12 is divided by u?
2
Suppose 0 = x + x - 34. What is the remainder when 50 is divided by x?
16
Let b(h) = -5 + 3*h + 12 + 12. What is the remainder when 55 is divided by b(0)?
17
Let y = 16 + 25. Let l = y - 19. Calculate the remainder when l is divided by -6 - (-156)/11 - 4/22.
6
Let x be 0/((-6)/(-3) - 0). Suppose -3*u + 24 = -0*u. What is the remainder when u is divided by x - (-1 + (-4)/2)?
2
Suppose -12 = -3*r - r. Suppose 2*y = -r*y + 65. Let t = y - 8. What is the remainder when 8 is divided by t?
3
Let p = 52 - 5. Calculate the remainder when p is divided by 13.
8
Let c(n) = -4*n**2 - 2*n + 3. Let k be c(-3). Let a = k - -40. Let l(r) = r + 2. What is the remainder when a is divided by l(5)?
6
Suppose -106 = -5*c + u - 4*u, u - 42 = -2*c. Let r = 54 - 28. Suppose -5*b + 9 = -r. What is the remainder when c is divided by b?
6
Let v = 16 - 11. Let h(d) = 3*d**2 - 3*d + 2. Let j be h(3). Let q = j + -12. What is the remainder when q is divided by v?
3
Let z = -4 - -6. Calculate the remainder when -4 + z - (-33 + 0) is divided by 11.
9
Suppose h + 5*c + 7 = 58, -3*c + 3 = 0. Calculate the remainder when h is divided by 16.
14
Let j(l) = -4*l + 10. What is the remainder when 89 is divided by j(0)?
9
Let v(b) = -12*b - 1. Let l be v(-1). What is the remainder when (-11352)/(-600) - (-4)/50 is divided by (l/2)/((-2)/(-4))?
8
Let t = 5 + -3. Suppose t*s - 56 = -14. Calculate the remainder when (10/3)/(7/s) is divided by 6.
4
Suppose -4 - 4 = -2*o. What is the remainder when 15 is divided by (1 - o) + 4*3?
6
Let f(o) = -3*o + 3. Let g(r) = 2*r - 4. Let h(n) = 3*f(n) + 2*g(n). Let d be h(-3). Let u = 23 - d. Calculate the remainder when u is divided by 3.
1
Let m(t) = 5*t**3 + t**2 - 2*t + 1. Let w be m(1). Suppose 5 = -g + w*v - 4, 12 = 4*g - 4*v. Calculate the remainder when g is divided by 4.
2
Let m(a) 